
False
Let s(w) = -429*w + 6. Let r be s(-5). Suppose 3*i = 5*q - 4433, -4*i - 357 = 2*q - r. Is q a prime number?
False
Let h = 7084 - 4468. Let i = h + 1475. Is i composite?
False
Let m = 15849 - 5698. Is m composite?
False
Suppose 5*s + 40600 = 3*j, -43*s = -5*j - 41*s + 67673. Is j a prime number?
False
Let y be (4 - 2 - 3) + 2. Let h(w) = 968*w**3 - w**2 - 2*w + 2. Is h(y) prime?
True
Let c(m) = 32*m**3 + 4*m**2 - 20*m + 131. Is c(6) composite?
True
Let j(s) = 83*s**2 - 74*s - 7. Is j(-8) prime?
True
Let g(j) = 27*j**2 + 9*j + 15. Let c be g(12). Suppose 4*a - c = a. Is a prime?
False
Let h = 22356 - 13327. Is h composite?
False
Suppose -17*x + 43619 = -16*x. Is x composite?
True
Let n(z) be the third derivative of 0*z + 1/8*z**4 - 1/3*z**3 + 0 - 1/5*z**5 + 1/60*z**6 + 8*z**2. Is n(9) a prime number?
False
Let h(l) = -9*l**3 + 4*l - 3. Let z(j) = -10*j**3 + 5*j - 4. Let x(g) = 4*h(g) - 3*z(g). Let c be x(-1). Suppose c*t - 448 = -33. Is t a composite number?
False
Is (-5677)/(-3) - 3/9 - 3 a composite number?
False
Suppose j - 3*l = -10 - 6, l - 5 = 0. Is j + 4 + 1 - -291 composite?
True
Suppose -2098 = 7*w - 5976. Let b = w + -303. Is b composite?
False
Suppose 3*q - 2351 - 661 = 0. Suppose 0*t = 3*t - 6. Suppose -2*k + q = t*k. Is k prime?
True
Suppose -7757 = -c + 3530. Is c a prime number?
True
Suppose 155 - 400 = -5*s. Let v be (-43)/3 + 4/(-6). Let d = v + s. Is d prime?
False
Suppose -2*t - 2*t - 21 = 5*n, -2*t - 3 = n. Let x be 5/(n/(-8)) + -2. Suppose x = 3*r - r. Is r a prime number?
True
Let n = 9787 - 2078. Is n a composite number?
True
Let h = 16 - -10. Let n = 105 - h. Is n a prime number?
True
Let i(q) = -30*q - 12 + 68*q + 77*q. Let m(p) = -p + 10. Let r be m(5). Is i(r) prime?
True
Let h = -415 + 5622. Is h composite?
True
Suppose 0 = 27*h - 25342 - 3521. Is h a composite number?
False
Suppose q + 2*i - 6965 = 0, -77*q - 3*i + 6962 = -76*q. Is q composite?
False
Let q = -157 + 106. Is (0 - q)*(1235/15 + -8) composite?
True
Let o(i) = 93*i - 428. Is o(7) a composite number?
False
Suppose 92*t - 15395 = 87*t. Is t composite?
False
Suppose -5*l = -2 - 3. Let s be l/6 - 665/30. Is 16/88 + (-2086)/s composite?
True
Let a(i) = -i**3 + 3*i**2 + 3*i - 12. Let j be a(-9). Let p = 2414 - j. Is p prime?
True
Suppose -3*w = -2*w. Suppose w = 6*y - 24. Suppose y*x - 141 = x. Is x prime?
True
Let x(p) = 63*p**2 + 7*p - 143. Is x(10) prime?
False
Let o be 121/(-1) - (3 - 4). Let a = o + 243. Is a composite?
True
Let t(g) = 2*g - 3. Let p be t(0). Is 286/4*(0 - 6/p) prime?
False
Suppose -l - 45 = 2*l. Let p = l + 11. Let t = 215 + p. Is t a composite number?
False
Let z be 48/36 + ((-2)/(-3) - 1). Let b(j) = 671*j**3 + 2*j**2 + 2*j - 2. Is b(z) prime?
True
Suppose 12 - 32 = 4*o. Let g be o/(-3)*(-18)/(-6). Suppose -8*q + g*q + 465 = 0. Is q a composite number?
True
Suppose -g - 5*m + 68 = -2, -5*g = -m - 272. Is g prime?
False
Let i(y) = 179*y**2 - 7*y + 13. Is i(-6) a prime number?
False
Let r(s) = s**3 + 20*s**2 - 10*s + 8. Let j be r(-18). Let h = j + 1733. Is h a composite number?
True
Suppose -4332 = -14*z + 10*z. Suppose z = 3*u - 954. Is u prime?
False
Is (-20071)/((-2 - -1) + 0) a composite number?
False
Suppose 0 = 2*z - 7*z - 350. Let u = -33 - z. Is u a prime number?
True
Is ((-27815)/25)/(1 + 258/(-255)) prime?
False
Let d = 38215 + -22278. Is d prime?
True
Let w(p) = p**3 - 7*p**2 + 6*p + 1. Let f(l) = -l**3 + 10*l**2 + 2*l - 14. Let g be f(10). Let s be w(g). Is s/((-1)/(-446)) - -3 a prime number?
True
Suppose -9*n - 17 = 19. Is n/(-10) + 5049/15 a prime number?
True
Suppose -5*y + 3 = -12. Suppose 2*r = -5*m + 6720, -y*m = r - 3*r - 4048. Is m a prime number?
False
Let n(y) = 2789*y - 100. Is n(3) prime?
False
Suppose 0 = -5*h + 4*h + 5. Let f = h - 5. Suppose f = -3*t - 2*y + 65, 3*t - y - 91 = -2*t. Is t a composite number?
False
Suppose 2*h = 5*b - 26311, -3*h - 2 = 7. Is b prime?
True
Suppose 0 = 34*p + 4116 - 51682. Is p prime?
True
Let k(q) = -4*q + 2*q**2 + 1 + 0 + 8*q. Is k(-3) prime?
True
Let t(d) be the second derivative of 2*d**4/3 + 5*d**3/3 - 11*d**2/2 - 16*d. Is t(10) composite?
True
Suppose -2*k = -811 - 4633. Is k composite?
True
Let b(s) = 2*s**3 - 61*s**2 - 3*s + 21. Is b(31) a prime number?
False
Let j(f) = 9*f**2 + 10*f + 10. Let c be j(-8). Suppose 0 = -8*q + c + 686. Is q composite?
False
Is (-6)/(-4)*((-118412)/(-42) - 0) prime?
True
Let y = -31 + 33. Suppose l = y, u + 2568 = 6*u - l. Is u a prime number?
False
Let d(w) = 96*w**3 + 3. Let o be d(3). Suppose 803 = -4*t - 4*x + o, -12 = 3*x. Suppose 0*s + t = 2*s. Is s composite?
True
Is ((-5)/(-20))/((-4)/(-46672)) a prime number?
True
Suppose -14*k - 56642 = -162342. Suppose -9*i = -k - 11611. Is i a prime number?
True
Suppose 3*t = -t. Suppose -m - m = t. Let g(n) = -2*n + 259. Is g(m) a composite number?
True
Suppose m + 32 = 31, -4*m - 46179 = -5*d. Is d a prime number?
False
Suppose 5*n - 9103 = -3*k, 5*n + 0*k - 3*k = 9127. Is n prime?
True
Let q(y) = 1. Let s(h) = 97*h + 6. Let u(c) = -4*q(c) + s(c). Is u(5) a composite number?
False
Suppose -p + 20984 = 3*x, -45085 = -5*x + 2*p - 10108. Is x prime?
False
Suppose 16206 + 3321 = 3*t. Is t prime?
False
Let y(i) = -i**3 - 12*i**2 - 10*i + 12. Let f be y(-11). Let r(q) = q**3 + 5*q**2 - q - 5. Let s be r(-7). Is (s - -7)/(-2 + f) prime?
True
Suppose 2*h + 17 = 49. Let m = h - 10. Suppose -11*a + 925 = -m*a. Is a prime?
False
Suppose -6 = -3*b - 0. Suppose b = -0*j - 2*j. Is ((-14)/(-4))/(j/(-6)) a prime number?
False
Let b = 24147 - 16162. Is (b/3)/(-5)*-3 prime?
True
Suppose 8 - 18 = 5*f + 5*o, -29 = -3*f + 4*o. Suppose -3769 + 422 = -h - f*w, -w + 3355 = h. Is h a prime number?
True
Let t = -213 - -252. Is t a composite number?
True
Let l = -65 + 115. Let y = 22 + -19. Suppose y*m = m + l. Is m a composite number?
True
Suppose 0 = -8*g + 12*g - 104116. Is g prime?
True
Suppose -5*q = 1 - 6. Let b be 953/2 + q/(-2). Let k = b + -285. Is k a prime number?
True
Let x = 16 + 194. Suppose 4*m - 718 + x = 0. Is m prime?
True
Let s = -20314 - -34521. Is s composite?
False
Let l(m) = 4*m - 46. Let z be l(12). Suppose 3*r - z*r = 799. Is r a composite number?
True
Let r(x) = 393*x**3 - 2*x**2 + 4*x - 24. Is r(3) composite?
True
Let p(c) = -c**3 + 3*c**2 - c + 2. Suppose 0 = i + 4*i + 30. Let q be p(i). Suppose 6*x = 2*x + q. Is x composite?
False
Is ((6605 + 2)*-1)/(-1) composite?
False
Let y(x) = -9*x**2 + 17*x - 9. Let t(j) = 9*j**2 - 17*j + 9. Let k(r) = -4*t(r) - 5*y(r). Let g(p) be the first derivative of k(p). Is g(13) composite?
True
Let l(g) = -5*g**2 - 5 + 7*g**2 + 8*g**2 + g**3 - 4 - 13*g. Is l(-8) prime?
True
Let i(z) = -z**2 - 16*z - 10. Let x be i(-15). Let v(n) = x*n + 2*n - 4*n + 2 + n + 39*n**2. Is v(5) composite?
False
Suppose 25*j - 67676 = 1279949. Is j a prime number?
False
Suppose -3*q = h - 521, -2*h + 0*q = -q - 1035. Let z = -249 + h. Suppose 41 + z = 2*i. Is i composite?
True
Suppose -5*q + 84*m + 83636 = 81*m, -5*m = 5*q - 83660. Is q composite?
False
Is 89150/54 + 20/270 a composite number?
True
Let q(h) = -251*h - 95*h - 1 + 5 + 93*h. Let v be q(3). Let z = -374 - v. Is z prime?
False
Suppose 5 = h - y - 2, -1 = 2*h + y. Is (3 + (-4359)/(-6))*h a composite number?
False
Let k = -9424 - -41565. Is k a composite number?
False
Let v(b) = -446*b + 3. Let z be v(-1). Suppose 0 = -3*j + 2*o - 764, -3*j - 5*o = 419 + 380. Let k = z + j. Is k a prime number?
True
Let s(w) = -w**2 + 7*w + 3. Let p be s(10). Let v = 274 + p. Is v composite?
True
Let p(k) be the first derivative of 17*k**2 - 4*k + 6. Let h be p(4). Let r = h + -77. Is r prime?
False
Suppose 206013 + 162015 = 36*i. Is i a composite number?
False
Let n(c) = 22*c**3 + 3*c**2 + 5*c - 17. Is n(5) a composite number?
False
Let x be 2/8 - 99/(-36). Suppose x*b = -k + 2*k - 7, 3*k - b = 13. Suppose -k*n + 4*v = 2*v - 374, -379 = -4*n - 3*v. Is n prime?
False
Suppose -l = 397 - 2175. Let o = l + -925. Is o composite?
False
Let u(i) = -3*i + 11. Let b be u(3). Is (-3 + 5)/((-2)/(-502)*b) a prime number?
True
Is ((-12)/((-36)/1807))/((-1)/(-3)) a composite number?
True
Let u be 1*(-2084)/4 + 2. Let j = u + 2189. Suppose j = 4*c + c. Is c composite?
True
Let v = 8559 - 4174. Is v composite?
True
Let d = -3 + 3. Suppose 0 = -3*